 4872. Calculate the highest common divisor of h and 7.
7
Let n = -6 - -23. Let c = n - 13. Let m be 18*((-10)/15)/(-2). Calculate the highest common factor of c and m.
2
Let x(p) = 21*p - 33. Let j be x(16). What is the highest common divisor of 3 and j?
3
Suppose y = n - 136, -n + y - 6*y + 136 = 0. Calculate the highest common divisor of n and 34.
34
Let p = 594 + -324. Suppose 2*m = -0*r + 4*r - 36, 2*m = -5*r - 9. Let c = 42 + m. Calculate the greatest common divisor of p and c.
30
Let a be -21 - (-3)/6*(2 - 2). Let t = a - -23. What is the greatest common divisor of 3 and t?
1
Let y be (-3)/2*16/(-12). Suppose 0*t - t - y*s + 146 = 0, -3*s + 564 = 4*t. Calculate the greatest common divisor of 23 and t.
23
Suppose -m - m + 688 = 5*s, 2*s - 252 = 5*m. Let n be 215 + (-1 - 1)*-1. Let b = n - s. What is the greatest common divisor of 9 and b?
9
Let q(i) = 14*i - 114. Let b be q(9). What is the greatest common factor of b and 20?
4
Suppose p - 2*u + 0 = -46, -5*u + 220 = -5*p. Let w = 56 + p. What is the greatest common factor of 2 and w?
2
Suppose 2752 = 2*a + s + 3*s, 0 = -5*a - 2*s + 6920. What is the highest common factor of a and 42?
42
Suppose 2*z - 26 + 4 = 0. Let t(x) = -4*x - 16. Let v be t(-5). Suppose -5*b + v*b = -z. Calculate the greatest common divisor of 121 and b.
11
Suppose -5*n - 69*c + 304 = -65*c, -2*c - 72 = -n. What is the highest common factor of 4 and n?
4
Suppose -16872 = -8*k - 3488. Calculate the highest common factor of 7 and k.
7
Let g(d) = -1313*d**3 - d - 1. Let r be g(-1). What is the highest common divisor of r and 13?
13
Let k(j) = j**3 - 6*j**2 - 5*j + 17. Let b be k(9). Suppose -5*u = -2*u. Suppose 9*o - 145 - b = u. What is the greatest common factor of 10 and o?
10
Let s = 41 + -39. Suppose 32 = s*z - 18. Calculate the greatest common divisor of z and 150.
25
Suppose 0 = v - 0*v. Suppose -5*u + 4*o + 365 = 0, 0 = 4*u - v*u - 2*o - 298. Let s(j) = 2*j - 7. Let q be s(7). What is the highest common divisor of u and q?
7
Let o be -3*(-3)/18*2. Suppose -o = 5*k + 2*m - 5, 2*k = m + 7. Calculate the highest common divisor of 3 and k.
1
Let r(i) be the third derivative of -5/12*i**4 + 0*i + 5/3*i**3 - i**2 - 1/60*i**5 + 0. Let q be r(-10). Calculate the highest common factor of 30 and q.
10
Let k = 28 - 18. Let o(s) = s - 7. Let q be o(k). Suppose -5*p + 10 = 2*h, -4*h - h + 87 = -q*p. Calculate the highest common divisor of h and 45.
15
Suppose 0 = 3*j - 4*h - 54, 2*j - j + 3*h = 31. Let o be 136/10 - 10/(-25). Let q = j + o. What is the highest common factor of q and 4?
4
Let m = 377 - -515. What is the greatest common divisor of m and 4?
4
Let a(h) = 45*h - 9. Let n be a(6). Let i be ((-29)/(-5))/(((-36)/(-30))/6). Calculate the highest common divisor of i and n.
29
Suppose 0 = -k - 2*y + 6, 0 = -2*k + 3*y - 0*y + 40. Let w be k*1*14/49. What is the greatest common factor of 8 and w?
4
Suppose 0 = 17*m - 605 - 619. Calculate the greatest common factor of 1368 and m.
72
Suppose 3*b = 7*b - 1632. What is the highest common factor of b and 24?
24
Let n be 6/(-27) + 0 - (-43168)/342. Calculate the highest common factor of n and 28.
14
Let b be 41 + (0 - (-2)/2). Let y(a) = -5*a + 284. Let i be y(54). Calculate the greatest common factor of b and i.
14
Suppose 0 = 2*g - 4*j + 62, -4*g - 2*j = -50 + 164. Let h = g + 62. What is the highest common factor of h and 55?
11
Let v = 1 + 1. Suppose 2*m + v*m = 224. Let i = 58 - 44. Calculate the greatest common divisor of i and m.
14
Let h(y) = 159*y - 2. Let x be h(2). Suppose -2*l = 3*q - x, -6*l + 4*l - 548 = -5*q. What is the greatest common factor of q and 12?
12
Let h(v) = 42*v**2 + 28*v + 80. Let s be h(-3). Suppose -z + 4*z + 4*n = 110, -2*z + 76 = 4*n. Calculate the highest common divisor of z and s.
34
Let j be (12 + (-390)/20)*8/(-3). Calculate the highest common factor of 540 and j.
20
Suppose 6*a + 18 = 9*a. Let w be 3/(15/55) + -2. Calculate the highest common factor of a and w.
3
Suppose 2*t - 57 = -47, 45 = 3*a + 3*t. Calculate the highest common divisor of 370 and a.
10
Suppose -12 = 4*c, -2*m + 3*m + 10 = -4*c. Let g be (-1)/(12/(-8))*45/m. What is the greatest common divisor of g and 105?
15
Let o = 8 + -21. Let s be (-1 - -106) + 16 + o. Suppose 5*x - 30 - 30 = 0. What is the greatest common factor of s and x?
12
Let a(j) = 5*j**3 - j**2 + j + 1. Let d be a(-2). Let q = -32 - d. Let c = 27 - q. Calculate the greatest common factor of c and 14.
14
Suppose -r + 4*h + 8 = 0, -5*r + 2*h - h = -97. Let u be r/2 + 2 - 4. Suppose -u*v = -5*v - 51. What is the greatest common divisor of 136 and v?
17
Suppose -10*t = -5*t. Suppose l = -t*l - 134. Let z = l - -239. Calculate the highest common factor of z and 15.
15
Suppose 6 - 2 = k + 5*q, 0 = 5*q - 5. Let c = k - -10. Suppose -495 = -3*s - 2*s. What is the highest common divisor of s and c?
9
Suppose -2*d = -2*l + 2*d + 208, 2 = d. Let y be 2*-3*(15/10 + -6). What is the greatest common divisor of y and l?
27
Suppose 3*x + 3*n = 6*n + 240, -2*x = -4*n - 152. What is the greatest common factor of x and 24?
12
Let n be 9/(-2 + (-207)/(-90)). Suppose -30 = m - 75. Calculate the greatest common divisor of m and n.
15
Let g(r) = 2*r**2 - 5*r + 2. Let i be g(3). Suppose -i*l + 0*l = -30. Calculate the highest common factor of l and 3.
3
Suppose 71*z = 63*z + 2520. What is the highest common factor of z and 70?
35
Suppose 3*j + 6 = j, 3*s - 30 = 2*j. What is the greatest common divisor of 724 and s?
4
Let n = 1204 + -962. What is the highest common divisor of n and 198?
22
Let k = -6 + 96. Suppose 92 = 2*p - 5*m - 0*m, 4 = -m. What is the highest common divisor of p and k?
18
Suppose -4*n + 32 = -0. Suppose 751 = 4*o + 75. Suppose -5*f + 32 = -2*v + o, -87 = -2*v - 5*f. What is the greatest common divisor of v and n?
8
Suppose -228 = 6*m - 3*m. Let u be (-150)/4*m/57. Calculate the greatest common divisor of u and 30.
10
Suppose 46 = 9*m - 71. Calculate the greatest common divisor of m and 2899.
13
Suppose -2 - 16 = -2*p. Let b(v) = 4*v - 17. Let j be b(p). Calculate the greatest common divisor of j and 152.
19
Suppose -22*a = 9*a - 1116. What is the greatest common factor of a and 207?
9
Let l = 1140 + -1118. Let i = 6 - -5. Calculate the highest common divisor of l and i.
11
Suppose 2*n + 5 = 3*n, -2*q - 5*n + 73 = 0. What is the greatest common divisor of 192 and q?
24
Let w be 6 - (-6 + 3 + 6). Suppose -3*o - 1 = 5*c - 2, w*c = o + 9. Let f be (c + -1 - 2) + 23. What is the highest common divisor of f and 2?
2
Let b = -55 + 37. Let t be 80/(-12)*b/4. Calculate the greatest common divisor of t and 30.
30
Suppose r - 77 = -10*q + 7*q, -5*q = 3*r - 251. Calculate the greatest common divisor of 299 and r.
23
Suppose 3*w + z + 0*z - 4 = 0, 0 = 3*z + 6. Suppose n - w*f - 7 = -4*f, 4*f = -12. Calculate the highest common factor of 286 and n.
13
Suppose -7*i = -8*i + 6. Suppose i*k - 585 = k. Calculate the highest common factor of k and 9.
9
Let q be ((-7)/(-1))/(4 - (-306)/(-78)). What is the greatest common divisor of q and 13?
13
Suppose 2*d + 2*n + 6 = -10, 10 = -d - 3*n. Let w(j) = j**3 + 8*j**2 + 3*j - 2. Let a be w(d). Calculate the greatest common factor of 130 and a.
26
Suppose 36*d - 19*d = 1275. Let k(b) = b**2 + 7*b + 6. Let y be k(-6). Suppose l - 26 - 4 = y. Calculate the highest common factor of d and l.
15
Let h = -666 + 674. Calculate the greatest common factor of h and 2.
2
Let a(g) = -7*g + 19. Let q be a(-8). Suppose -7*z = -2*z - q. Let d be 206/2 + (3 - 1). What is the greatest common divisor of d and z?
15
Let w = 586 + -442. Let u be (7 - 1)*(2 - -1). What is the highest common divisor of w and u?
18
Suppose 41*v - 24 = 33*v. Suppose -104 = -2*s + z + 2*z, v*s - 2*z = 161. Calculate the highest common factor of s and 11.
11
Suppose -23*n + 13296 + 1401 = 0. What is the highest common factor of 142 and n?
71
Suppose 82 = 2*f - 2*y + 4*y, -173 = -4*f + 5*y. Let r(b) = -b**3 - 4*b**2 - 3*b - 12. Let d be r(-5). Calculate the greatest common divisor of d and f.
14
Let u = 823 + -800. What is the greatest common divisor of 1403 and u?
23
Let a = -367 - -403. Calculate the greatest common divisor of a and 180.
36
Let p(o) = o**2 - 16*o - 2. Let y be p(17). Let u be (y/5)/(15/35). Let q be (2/1)/2 